{"id":176,"date":"2019-09-07T11:59:55","date_gmt":"2019-09-07T14:59:55","guid":{"rendered":"https:\/\/menezesmarcenaria.com.br\/index.php\/about\/"},"modified":"2024-06-28T08:54:45","modified_gmt":"2024-06-28T11:54:45","slug":"sobre-nos","status":"publish","type":"page","link":"https:\/\/menezesmarcenaria.com.br\/index.php\/sobre-nos\/","title":{"rendered":"Sobre N\u00f3s"},"content":{"rendered":"\t\t<div data-elementor-type=\"wp-page\" data-elementor-id=\"176\" class=\"elementor elementor-176\" data-elementor-post-type=\"page\">\n\t\t\t\t\t\t<section class=\"elementor-section elementor-top-section elementor-element elementor-element-d2d154a elementor-section-boxed elementor-section-height-default elementor-section-height-default\" data-id=\"d2d154a\" data-element_type=\"section\">\n\t\t\t\t\t\t<div class=\"elementor-container elementor-column-gap-default\">\n\t\t\t\t\t<div class=\"aux-parallax-section elementor-column elementor-col-50 elementor-top-column elementor-element elementor-element-23c03e7\" data-id=\"23c03e7\" data-element_type=\"column\">\n\t\t\t<div class=\"elementor-widget-wrap elementor-element-populated\">\n\t\t\t\t\t\t<div class=\"elementor-element elementor-element-ce86991 aux-appear-watch-animation aux-fade-in-up elementor-widget elementor-widget-aux_modern_heading\" data-id=\"ce86991\" data-element_type=\"widget\" data-widget_type=\"aux_modern_heading.default\">\n\t\t\t\t<div class=\"elementor-widget-container\">\n\t\t\t<section class=\"aux-widget-modern-heading\">\n            <div class=\"aux-widget-inner\"><h4 class=\"aux-modern-heading-primary\">Sobre N\u00f3s<\/h4><h3 class=\"aux-modern-heading-secondary\"><span class=\"aux-head-before\">Nossa Hist\u00f3ria<\/span><\/h3><div class=\"aux-modern-heading-description\"><p>Em 2010, na cidade de Campinas\/SP, Wagner, um jovem artes\u00e3o apaixonado por madeira e design, fundou a Menezes Marcenaria. Inspirado pelas t\u00e9cnicas que aprendeu com seu Pai, Wagner transformou sua paix\u00e3o em uma marcenaria dedicada \u00e0 cria\u00e7\u00e3o de m\u00f3veis de luxo. Com um compromisso inabal\u00e1vel com a qualidade, o design exclusivo e a sustentabilidade, a Menezes Marcenaria rapidamente conquistou clientes exigentes que buscavam pe\u00e7as \u00fanicas e sofisticadas. Hoje, a marcenaria \u00e9 uma refer\u00eancia em m\u00f3veis de alto padr\u00e3o, unindo tradi\u00e7\u00e3o e inova\u00e7\u00e3o para transformar sonhos em realidade.<\/p><\/div><\/div>\n        <\/section>\t\t<\/div>\n\t\t\t\t<\/div>\n\t\t\t\t<section class=\"elementor-section elementor-inner-section elementor-element elementor-element-0857e7a elementor-section-boxed elementor-section-height-default elementor-section-height-default\" data-id=\"0857e7a\" data-element_type=\"section\">\n\t\t\t\t\t\t<div class=\"elementor-container elementor-column-gap-default\">\n\t\t\t\t\t<div class=\"aux-parallax-section elementor-column elementor-col-50 elementor-inner-column elementor-element elementor-element-11b7883\" data-id=\"11b7883\" data-element_type=\"column\">\n\t\t\t<div class=\"elementor-widget-wrap elementor-element-populated\">\n\t\t\t\t\t\t<div class=\"elementor-element elementor-element-e6e1648 aux-appear-watch-animation aux-fade-in-up elementor-widget elementor-widget-aux_image\" data-id=\"e6e1648\" data-element_type=\"widget\" data-widget_type=\"aux_image.default\">\n\t\t\t\t<div class=\"elementor-widget-container\">\n\t\t\t<section class=\"widget-container aux-widget-image aux-alignnone aux-parent-au0598ed3d\">\n    <div class=\"aux-media-hint-frame \">\n        <div class=\"aux-media-image \" >\n        \n            \n\n            \n            <img decoding=\"async\" width=\"20\" height=\"16\" src=\"data:image\/gif;base64,R0lGODlhAQABAIAAAAAAAP\/\/\/yH5BAEAAAAALAAAAAABAAEAAAIBRAA7\" class=\"aux-attachment aux-featured-image aux-attachment-id-152 aux-preload aux-blank\" alt=\"demo-attachment-91-noun_design_27029\" data-ratio=\"1.25\" data-original-w=\"20\" data-src=\"https:\/\/menezesmarcenaria.com.br\/wp-content\/uploads\/2019\/09\/noun_design_27029.svg\" \/>            \n                <\/div>\n    <\/div>\n\n<\/section><!-- widget-container -->\t\t<\/div>\n\t\t\t\t<\/div>\n\t\t\t\t<div class=\"elementor-element elementor-element-79ba251 aux-appear-watch-animation aux-fade-in-up-1 elementor-widget elementor-widget-aux_modern_heading\" data-id=\"79ba251\" data-element_type=\"widget\" data-widget_type=\"aux_modern_heading.default\">\n\t\t\t\t<div class=\"elementor-widget-container\">\n\t\t\t<section class=\"aux-widget-modern-heading\">\n            <div class=\"aux-widget-inner\"><h2 class=\"aux-modern-heading-primary\">Design Minimalista<\/h2><div class=\"aux-modern-heading-description\"><p>M\u00f3veis com design minimalista s\u00e3o a perfeita combina\u00e7\u00e3o entre simplicidade e eleg\u00e2ncia. Com linhas limpas e formas funcionais, esses m\u00f3veis trazem um toque de modernidade e sofistica\u00e7\u00e3o a qualquer ambiente, promovendo uma sensa\u00e7\u00e3o de tranquilidade e ordem. Ideal para quem valoriza um estilo de vida pr\u00e1tico e descomplicado, o design minimalista transforma espa\u00e7os em ref\u00fagios de harmonia e beleza.<\/p><\/div><\/div>\n        <\/section>\t\t<\/div>\n\t\t\t\t<\/div>\n\t\t\t\t\t<\/div>\n\t\t<\/div>\n\t\t\t\t<div class=\"aux-parallax-section elementor-column elementor-col-50 elementor-inner-column elementor-element elementor-element-12e5eb9\" data-id=\"12e5eb9\" data-element_type=\"column\">\n\t\t\t<div class=\"elementor-widget-wrap elementor-element-populated\">\n\t\t\t\t\t\t<div class=\"elementor-element elementor-element-ff5a4d1 aux-appear-watch-animation aux-fade-in-up elementor-widget elementor-widget-aux_image\" data-id=\"ff5a4d1\" data-element_type=\"widget\" data-widget_type=\"aux_image.default\">\n\t\t\t\t<div class=\"elementor-widget-container\">\n\t\t\t<section class=\"widget-container aux-widget-image aux-alignnone aux-parent-au91b587b7\">\n    <div class=\"aux-media-hint-frame \">\n        <div class=\"aux-media-image \" >\n        \n            \n\n            \n            <img decoding=\"async\" width=\"26\" height=\"19\" src=\"data:image\/gif;base64,R0lGODlhAQABAIAAAAAAAP\/\/\/yH5BAEAAAAALAAAAAABAAEAAAIBRAA7\" class=\"aux-attachment aux-featured-image aux-attachment-id-155 aux-preload aux-blank\" alt=\"demo-attachment-88-wood\" data-ratio=\"1.37\" data-original-w=\"26\" data-src=\"https:\/\/menezesmarcenaria.com.br\/wp-content\/uploads\/2019\/09\/wood.svg\" \/>            \n                <\/div>\n    <\/div>\n\n<\/section><!-- widget-container -->\t\t<\/div>\n\t\t\t\t<\/div>\n\t\t\t\t<div class=\"elementor-element elementor-element-3e61afe aux-appear-watch-animation aux-fade-in-up-1 elementor-widget elementor-widget-aux_modern_heading\" data-id=\"3e61afe\" data-element_type=\"widget\" data-widget_type=\"aux_modern_heading.default\">\n\t\t\t\t<div class=\"elementor-widget-container\">\n\t\t\t<section class=\"aux-widget-modern-heading\">\n            <div class=\"aux-widget-inner\"><h2 class=\"aux-modern-heading-primary\">Melhor Material<\/h2><div class=\"aux-modern-heading-description\"><p>A qualidade do material \u00e9 um fator primordial nos m\u00f3veis planejados que fabricamos. Utilizamos somente os melhores materiais, garantindo durabilidade, resist\u00eancia e um acabamento impec\u00e1vel. Cada pe\u00e7a \u00e9 projetada para proporcionar n\u00e3o apenas est\u00e9tica, mas tamb\u00e9m funcionalidade e longevidade. Nossa dedica\u00e7\u00e3o \u00e0 qualidade assegura que voc\u00ea desfrute de m\u00f3veis que permanecem impec\u00e1veis por muitos anos, agregando valor e eleg\u00e2ncia ao seu ambiente.<\/p><\/div><\/div>\n        <\/section>\t\t<\/div>\n\t\t\t\t<\/div>\n\t\t\t\t\t<\/div>\n\t\t<\/div>\n\t\t\t\t\t<\/div>\n\t\t<\/section>\n\t\t\t\t\t<\/div>\n\t\t<\/div>\n\t\t\t\t<div class=\"aux-parallax-section elementor-column elementor-col-50 elementor-top-column elementor-element elementor-element-a642eaa\" data-id=\"a642eaa\" data-element_type=\"column\">\n\t\t\t<div class=\"elementor-widget-wrap elementor-element-populated\">\n\t\t\t\t\t\t<div class=\"elementor-element elementor-element-71cc336 aux-appear-watch-animation aux-mask-from-left elementor-widget elementor-widget-aux_image\" data-id=\"71cc336\" data-element_type=\"widget\" data-widget_type=\"aux_image.default\">\n\t\t\t\t<div class=\"elementor-widget-container\">\n\t\t\t<section class=\"widget-container aux-widget-image aux-alignnone aux-parent-au30aa2e09\">\n    <div class=\"aux-media-hint-frame \">\n        <div class=\"aux-media-image \" >\n        \n            \n\n            \n            <img fetchpriority=\"high\" decoding=\"async\" width=\"820\" height=\"812\" src=\"https:\/\/menezesmarcenaria.com.br\/wp-content\/uploads\/2024\/05\/Design-sem-nome-16.webp\" class=\"aux-attachment aux-featured-image aux-attachment-id-289\" alt=\"Design sem nome (16)\" data-ratio=\"1.01\" data-original-w=\"820\" \/>            \n                <\/div>\n    <\/div>\n\n<\/section><!-- widget-container -->\t\t<\/div>\n\t\t\t\t<\/div>\n\t\t\t\t\t<\/div>\n\t\t<\/div>\n\t\t\t\t\t<\/div>\n\t\t<\/section>\n\t\t\t\t<section class=\"elementor-section elementor-top-section elementor-element elementor-element-22e94c1 elementor-section-boxed elementor-section-height-default elementor-section-height-default\" data-id=\"22e94c1\" data-element_type=\"section\">\n\t\t\t\t\t\t\t<div class=\"elementor-background-overlay\"><\/div>\n\t\t\t\t\t\t\t<div class=\"elementor-container elementor-column-gap-default\">\n\t\t\t\t\t<div class=\"aux-parallax-section elementor-column elementor-col-100 elementor-top-column elementor-element elementor-element-db34606\" data-id=\"db34606\" data-element_type=\"column\">\n\t\t\t<div class=\"elementor-widget-wrap elementor-element-populated\">\n\t\t\t\t\t\t<div class=\"elementor-element elementor-element-46b84f5 elementor-widget elementor-widget-heading\" data-id=\"46b84f5\" data-element_type=\"widget\" data-widget_type=\"heading.default\">\n\t\t\t\t<div class=\"elementor-widget-container\">\n\t\t\t<h2 class=\"elementor-heading-title elementor-size-default\">Nossa Miss\u00e3o, Vis\u00e3o e Valores<\/h2>\t\t<\/div>\n\t\t\t\t<\/div>\n\t\t\t\t\t<\/div>\n\t\t<\/div>\n\t\t\t\t\t<\/div>\n\t\t<\/section>\n\t\t\t\t<section class=\"elementor-section elementor-top-section elementor-element elementor-element-38287bf elementor-section-boxed elementor-section-height-default elementor-section-height-default\" data-id=\"38287bf\" data-element_type=\"section\">\n\t\t\t\t\t\t\t<div class=\"elementor-background-overlay\"><\/div>\n\t\t\t\t\t\t\t<div class=\"elementor-container elementor-column-gap-default\">\n\t\t\t\t\t<div class=\"aux-parallax-section elementor-column elementor-col-50 elementor-top-column elementor-element elementor-element-e09421f\" data-id=\"e09421f\" data-element_type=\"column\">\n\t\t\t<div class=\"elementor-widget-wrap elementor-element-populated\">\n\t\t\t\t\t\t<div class=\"elementor-element elementor-element-f002578 elementor-widget elementor-widget-aux_text\" data-id=\"f002578\" data-element_type=\"widget\" data-widget_type=\"aux_text.default\">\n\t\t\t\t<div class=\"elementor-widget-container\">\n\t\t\t<section class=\"widget-container aux-widget-text aux-parent-au36c314f3\">        <div class=\"aux-widget-advanced-text aux-wrap-style-simple aux-ico-pos- aux-text-center aux-text-resp- aux-text-color-dark aux-text-widget-bg-center  \" >\n                    <div class=\"aux-text-widget-overlay\" style=\"background-color: #170F05; \"><\/div>\n        \n            \n            <div class=\"aux-text-inner aux-text-widget-content\">\n                                <h4 class=\"col-title\">Vis\u00e3o<\/h4>\n                                <div class=\"widget-content\">\n                                        <div class=\"flex flex-grow flex-col max-w-full\"><div class=\"min-h-[20px] text-message flex flex-col items-start whitespace-pre-wrap break-words [.text-message+&amp;]:mt-5 juice:w-full juice:items-end overflow-x-auto gap-2\" dir=\"auto\" data-message-author-role=\"assistant\" data-message-id=\"71fb9f1f-64a0-46c8-9e2e-618a4493ebeb\"><div class=\"flex w-full flex-col gap-1 juice:empty:hidden juice:first:pt-[3px]\"><div class=\"markdown prose w-full break-words dark:prose-invert dark\"><p>Ser a marcenaria de refer\u00eancia em m\u00f3veis de alto padr\u00e3o, reconhecida pela excel\u00eancia artesanal e inova\u00e7\u00e3o em design, criando espa\u00e7os que encantam e inspiram.<\/p><\/div><\/div><\/div><\/div><div class=\"mt-1 flex gap-3 empty:hidden juice:-ml-3\"><div class=\"items-center justify-start rounded-xl p-1 flex\"><div class=\"flex items-center\"><div class=\"flex\">\u00a0<\/div><div class=\"flex items-center pb-0.5 juice:pb-0\"><div class=\"[&amp;_svg]:h-full [&amp;_svg]:w-full icon-md h-4 w-4\">\u00a0<\/div><\/div><\/div><\/div><\/div>                <\/div>\n                            <\/div>\n        <\/div>\n                    <div class=\"aux-text-widget-footer\">\n                <div class=\"aux-border-shape-none \">\n                                <\/div>\n            <\/div>\n        \n<\/section><!-- widget-container -->\t\t<\/div>\n\t\t\t\t<\/div>\n\t\t\t\t\t<\/div>\n\t\t<\/div>\n\t\t\t\t<div class=\"aux-parallax-section elementor-column elementor-col-50 elementor-top-column elementor-element elementor-element-dcf99ba\" data-id=\"dcf99ba\" data-element_type=\"column\">\n\t\t\t<div class=\"elementor-widget-wrap elementor-element-populated\">\n\t\t\t\t\t\t<div class=\"elementor-element elementor-element-d71cb14 elementor-widget elementor-widget-aux_text\" data-id=\"d71cb14\" data-element_type=\"widget\" data-widget_type=\"aux_text.default\">\n\t\t\t\t<div class=\"elementor-widget-container\">\n\t\t\t<section class=\"widget-container aux-widget-text aux-parent-auae533116\">        <div class=\"aux-widget-advanced-text aux-wrap-style-simple aux-ico-pos- aux-text-center aux-text-resp- aux-text-color-dark aux-text-widget-bg-center  \" >\n                    <div class=\"aux-text-widget-overlay\" style=\"background-color: #170F05; \"><\/div>\n        \n            \n            <div class=\"aux-text-inner aux-text-widget-content\">\n                                <h4 class=\"col-title\">Miss\u00e3o<\/h4>\n                                <div class=\"widget-content\">\n                                        <p>Transformar madeira em obras de arte funcionais, unindo design sofisticado e qualidade excepcional para criar ambientes \u00fanicos e elegantes que refletem o estilo e a personalidade de nossos clientes.<\/p>                <\/div>\n                            <\/div>\n        <\/div>\n                    <div class=\"aux-text-widget-footer\">\n                <div class=\"aux-border-shape-none \">\n                                <\/div>\n            <\/div>\n        \n<\/section><!-- widget-container -->\t\t<\/div>\n\t\t\t\t<\/div>\n\t\t\t\t\t<\/div>\n\t\t<\/div>\n\t\t\t\t\t<\/div>\n\t\t<\/section>\n\t\t\t\t<section class=\"elementor-section elementor-top-section elementor-element elementor-element-20d279c elementor-section-boxed elementor-section-height-default elementor-section-height-default\" data-id=\"20d279c\" data-element_type=\"section\" data-settings=\"{&quot;background_background&quot;:&quot;classic&quot;}\">\n\t\t\t\t\t\t<div class=\"elementor-container elementor-column-gap-default\">\n\t\t\t\t\t<div class=\"aux-parallax-section elementor-column elementor-col-33 elementor-top-column elementor-element elementor-element-ac0a350\" data-id=\"ac0a350\" data-element_type=\"column\">\n\t\t\t<div class=\"elementor-widget-wrap\">\n\t\t\t\t\t\t\t<\/div>\n\t\t<\/div>\n\t\t\t\t<div class=\"aux-parallax-section elementor-column elementor-col-33 elementor-top-column elementor-element elementor-element-b98a341\" data-id=\"b98a341\" data-element_type=\"column\">\n\t\t\t<div class=\"elementor-widget-wrap elementor-element-populated\">\n\t\t\t\t\t\t<div class=\"elementor-element elementor-element-e2f2861 elementor-widget elementor-widget-aux_text\" data-id=\"e2f2861\" data-element_type=\"widget\" data-widget_type=\"aux_text.default\">\n\t\t\t\t<div class=\"elementor-widget-container\">\n\t\t\t<section class=\"widget-container aux-widget-text aux-parent-au7493ea30\">        <div class=\"aux-widget-advanced-text aux-wrap-style-simple aux-ico-pos- aux-text-center aux-text-resp- aux-text-color-dark aux-text-widget-bg-center  \" >\n                    <div class=\"aux-text-widget-overlay\" style=\"background-color: #170F05; \"><\/div>\n        \n            \n            <div class=\"aux-text-inner aux-text-widget-content\">\n                                <h4 class=\"col-title\">Valores<\/h4>\n                                <div class=\"widget-content\">\n                                        <div class=\"flex flex-grow flex-col max-w-full\"><div class=\"min-h-[20px] text-message flex flex-col items-start whitespace-pre-wrap break-words [.text-message+&amp;]:mt-5 juice:w-full juice:items-end overflow-x-auto gap-2\" dir=\"auto\" data-message-author-role=\"assistant\" data-message-id=\"71fb9f1f-64a0-46c8-9e2e-618a4493ebeb\"><div class=\"flex w-full flex-col gap-1 juice:empty:hidden juice:first:pt-[3px]\"><div class=\"markdown prose w-full break-words dark:prose-invert dark\"><p>Nossa marcenaria se fundamenta na excel\u00eancia artesanal, garantindo qualidade e precis\u00e3o em cada detalhe. Valorizamos a inova\u00e7\u00e3o, sempre buscando novas t\u00e9cnicas e designs para oferecer solu\u00e7\u00f5es exclusivas. A sustentabilidade \u00e9 central em nosso trabalho, utilizando materiais de origem respons\u00e1vel e processos ecol\u00f3gicos. Priorizamos o atendimento personalizado, entendendo e respeitando as necessidades \u00fanicas de cada cliente. A integridade e o compromisso com a transpar\u00eancia guiam todas as nossas a\u00e7\u00f5es, construindo relacionamentos de confian\u00e7a e duradouros.<\/p><\/div><\/div><\/div><\/div><div class=\"mt-1 flex gap-3 empty:hidden juice:-ml-3\"><div class=\"items-center justify-start rounded-xl p-1 flex\"><div class=\"flex items-center\"><div class=\"flex\">\u00a0<\/div><div class=\"flex items-center pb-0.5 juice:pb-0\"><div class=\"[&amp;_svg]:h-full [&amp;_svg]:w-full icon-md h-4 w-4\">\u00a0<\/div><\/div><\/div><\/div><\/div>                <\/div>\n                            <\/div>\n        <\/div>\n                    <div class=\"aux-text-widget-footer\">\n                <div class=\"aux-border-shape-none \">\n                                <\/div>\n            <\/div>\n        \n<\/section><!-- widget-container -->\t\t<\/div>\n\t\t\t\t<\/div>\n\t\t\t\t\t<\/div>\n\t\t<\/div>\n\t\t\t\t<div class=\"aux-parallax-section elementor-column elementor-col-33 elementor-top-column elementor-element elementor-element-45d7c8b\" data-id=\"45d7c8b\" data-element_type=\"column\">\n\t\t\t<div class=\"elementor-widget-wrap\">\n\t\t\t\t\t\t\t<\/div>\n\t\t<\/div>\n\t\t\t\t\t<\/div>\n\t\t<\/section>\n\t\t\t\t<\/div>\n\t\t","protected":false},"excerpt":{"rendered":"<p>Sobre N\u00f3s Nossa Hist\u00f3ria Em 2010, na cidade de Campinas\/SP, Wagner, um jovem artes\u00e3o apaixonado por madeira e design, fundou a Menezes Marcenaria. Inspirado pelas t\u00e9cnicas que aprendeu com seu Pai, Wagner transformou sua paix\u00e3o em uma marcenaria dedicada \u00e0 cria\u00e7\u00e3o de m\u00f3veis de luxo. Com um compromisso inabal\u00e1vel com a qualidade, o design exclusivo [&hellip;]<\/p>\n","protected":false},"author":1,"featured_media":0,"parent":0,"menu_order":0,"comment_status":"closed","ping_status":"closed","template":"templates\/page-builder-content.php","meta":{"footnotes":""},"class_list":["post-176","page","type-page","status-publish","hentry"],"_links":{"self":[{"href":"https:\/\/menezesmarcenaria.com.br\/index.php\/wp-json\/wp\/v2\/pages\/176","targetHints":{"allow":["GET"]}}],"collection":[{"href":"https:\/\/menezesmarcenaria.com.br\/index.php\/wp-json\/wp\/v2\/pages"}],"about":[{"href":"https:\/\/menezesmarcenaria.com.br\/index.php\/wp-json\/wp\/v2\/types\/page"}],"author":[{"embeddable":true,"href":"https:\/\/menezesmarcenaria.com.br\/index.php\/wp-json\/wp\/v2\/users\/1"}],"replies":[{"embeddable":true,"href":"https:\/\/menezesmarcenaria.com.br\/index.php\/wp-json\/wp\/v2\/comments?post=176"}],"version-history":[{"count":3,"href":"https:\/\/menezesmarcenaria.com.br\/index.php\/wp-json\/wp\/v2\/pages\/176\/revisions"}],"predecessor-version":[{"id":454,"href":"https:\/\/menezesmarcenaria.com.br\/index.php\/wp-json\/wp\/v2\/pages\/176\/revisions\/454"}],"wp:attachment":[{"href":"https:\/\/menezesmarcenaria.com.br\/index.php\/wp-json\/wp\/v2\/media?parent=176"}],"curies":[{"name":"wp","href":"https:\/\/api.w.org\/{rel}","templated":true}]}}